ts digit of z(4)?
6
Let j = -8 + 14. Let g be (-247 + (j + -2)/(-1))*-1. Let p = g + -124. What is the hundreds digit of p?
1
Suppose 4*j + 4*s = s + 584, -s = -4*j + 600. Let q = -1536 - -1542. Suppose -q*m + j = 29. What is the units digit of m?
0
Suppose -14955 = -25*v + 2745. What is the units digit of v?
8
Let t = 134506 + -80131. What is the units digit of t?
5
What is the tens digit of 10 + 1869 + (-2 - -16)?
9
Let k(b) = 25*b**3 - 44*b**2 + 329*b + 70. What is the hundreds digit of k(7)?
7
Suppose -t = -6 + 4, -4*t - 410 = -2*w. Let v = -97 + w. What is the units digit of 2100/v*(-2 + (-28)/(-6))?
0
Let d = 5462 - 2983. What is the hundreds digit of d?
4
Let f be 483/276 + (-23)/4. What is the tens digit of 471*(-2)/f*(-36)/(-6)?
1
Suppose -6*g - 30 + 60 = 0. Suppose -4*i + 0*s + 5*s + g = 0, 4*i - s - 1 = 0. Suppose -23*z + 15*z + 32 = i. What is the units digit of z?
4
Suppose -5*g - 16 = -6. Let d be ((-42)/8)/(g/24). Suppose -d = -3*x + 2*x + 5*j, x - 103 = -5*j. What is the units digit of x?
3
What is the units digit of 1/(-9) + (34/170 - 1258998/(-135))?
6
Let k = -358 - -868. Let y = k + 42. What is the tens digit of y?
5
Let i be (2 - 2*-3) + (-15 - -11). Let h be (18 - 17)*2/i*0. Suppose 4*b - 4 = h, -b - 3*b = 2*y - 404. What is the units digit of y?
0
Let v = -79 - -100. What is the units digit of -20*v/18*(-450)/28?
5
Let s = -461 - -470. Let p(x) = 5*x + 29. What is the units digit of p(s)?
4
Let a = 29549 - 17934. What is the units digit of a?
5
Let r(u) = -106*u - 138. Let p be r(-10). Let j = -511 + p. What is the units digit of j?
1
Suppose 0 = 5*p - d - 24, -26*p + 31*p = 5*d + 40. Let a = -198 - -284. Suppose 0 = p*i - 690 - a. What is the units digit of i?
4
Suppose 9 = r + 3*r + w, -2*r - w = -5. Suppose -q = -2*s - 119, -5*s = -r*q - 2*q + 479. Let b = q + -45. What is the tens digit of b?
7
Let d(w) = w + 26. Let m be d(-9). Suppose m*r + 23 - 91 = 0. Suppose -r*q + f + 767 = 6*f, 5*q - 5*f = 1015. What is the hundreds digit of q?
1
Let m(n) = 46*n + 20. Let f be m(20). What is the tens digit of f/6*(418/55 + -4)?
6
Let l = 427 + 877. Suppose 3*c = 3*p - 1944, p - 3*p + l = 2*c. What is the units digit of p?
0
Let p be (1/2)/(3 + (-2078)/692). Let l = p + 75. Let h = l + 180. What is the units digit of h?
2
Let r(o) = 62*o**2 + 15*o - 424. What is the ten thousands digit of r(-15)?
1
Suppose 2*f - 3708 = 4*c, -3*f + 7*c = 4*c - 5547. What is the tens digit of f?
4
Let s = 13938 - 9683. What is the thousands digit of s?
4
Suppose -4*v + 9 = 71*m - 68*m, 2*m = 5*v + 6. Suppose -m*c + 2*y + 2975 = -0*y, -20 = 5*y. What is the units digit of c?
9
Suppose 4*v = 5*m - 10, v - 2 = -0*v - m. Suppose -3*z + 2*y = -v*y - 1510, -2505 = -5*z + y. Let b = z + -322. What is the hundreds digit of b?
1
Let d(v) = -v**3 - 11*v**2 + 14*v + 5. Let m be d(-12). Let a(z) = z**3 + 5*z**2 + 2*z - 4. Let g be a(3). Let f = m + g. What is the tens digit of f?
5
Let v = 819 - 435. Let u = 930 + v. What is the hundreds digit of u?
3
What is the thousands digit of (-860)/602 + 27796/14?
1
Let z(n) = -n**2 + 12*n - 7. Let u be z(11). Let w(h) = 16*h + 7 - 5 - 13*h + 3 + u*h**2. What is the units digit of w(-4)?
7
Let a = 31 - -2. Let k = a + -14. Let q(i) = 2*i + 47. What is the tens digit of q(k)?
8
Let v = 851 + -727. Suppose -v*m + 115*m = -2682. What is the units digit of m?
8
Let n(m) = m - 11. Let y be n(13). Let i be -6*y/(-4)*77. Suppose 5*o = -2*o + i. What is the units digit of o?
3
What is the ten thousands digit of (-15 + -21)/((-50280)/25135 + 2)?
9
Let b(n) = -73*n - 56. Let a be b(-6). Let g = a + 275. What is the tens digit of g?
5
What is the hundreds digit of ((-13507)/(-52))/(((-3)/42)/(16/(-28)))?
0
Let w be 4558 - -6*(-6)/12 - -5. Suppose -156*m = -161*m + w. What is the units digit of m?
2
Suppose 0*u = 2*m + u - 21, -3*m - 5*u = -21. Let q be 16/m - (-148)/(-3). Let l = -8 - q. What is the units digit of l?
0
Let c = 13018 + -6450. What is the hundreds digit of c?
5
Suppose 3*n - 15 = -3. Suppose 0 = -4*a + n*m, 16 = 4*a + 5*m - m. Suppose -4*k + w + 224 = 0, -5*k = -k + a*w - 236. What is the units digit of k?
7
Suppose 0 = -4*r + r - 12. Let s(u) be the second derivative of -u**5/10 - u**4/12 + 2*u**3/3 + 850*u. What is the tens digit of s(r)?
9
Let m(u) be the second derivative of -u**4/12 - 3*u**3/2 + 17*u**2/2 - 8*u. Let i be m(-9). Suppose 20*o = i*o + 117. What is the tens digit of o?
3
Let l(f) = 4*f - 28. Suppose k - 13 = 5*d, 0*k + 3*d = 2*k - 19. Let i be l(k). Suppose -3*h - i*q - 106 = -400, -364 = -4*h + 4*q. What is the tens digit of h?
9
Suppose 2*g = 5*a + 8093, -5*a + 8*a + 3 = 0. What is the hundreds digit of g?
0
Let c = 507 + 35323. What is the units digit of c?
0
Let q = -428 + 175. Let a = -50 - q. Let t = 318 - a. What is the hundreds digit of t?
1
Let i = -20477 - -38146. What is the hundreds digit of i?
6
Let v(j) = j**2 + 3*j + 37. Let r be v(-19). Let c = -11 + r. What is the hundreds digit of c?
3
What is the units digit of 38744/696*(-4260)/(-4)?
5
Suppose 2114 = 10*o - 3416. Suppose -o - 2055 = -4*a. What is the tens digit of a?
5
Suppose 0 = -2*i - i - 5*q - 22, 11 = -4*i - 3*q. Let d be (70/20)/(i/10). Suppose -3*m = -2*t + 118, 0 = 3*t - 2*m + d - 207. What is the tens digit of t?
5
Let y be (6 - 0 - 2) + -37. Let b be 1 - (y + (-4 - -1)). Let o = b + -1. What is the tens digit of o?
3
Let q(c) = c**3 + 8*c**2 - 10*c - 6. Let v be q(-9). Suppose 0 = -88*y + 90*y - 4, 7111 = 5*h + v*y. What is the tens digit of h?
2
Suppose -9*w + 25349 = w - 99371. What is the tens digit of w?
7
Let t be 2 + 5/((-6)/4 + 1). Let v(s) = 25*s**2 - 54*s**2 - 15 + 31*s**2 + 6*s. What is the tens digit of v(t)?
6
Let t = 7175 - -5121. What is the units digit of t?
6
Let w(u) = 2*u**3 + 5*u**2 + u + 4. Let p be w(4). Let j(a) = 206 - p + 3*a**2 + 4*a + a. What is the units digit of j(-6)?
8
What is the units digit of 22500718/492 - 3/(36/2)?
3
Let p(d) = -131*d + 37099. What is the tens digit of p(0)?
9
Let o(q) = -16*q**3 + 8*q + 2. Let k be o(-3). Suppose -k = -2*t - 5*b, 3*t - 804 = -t - 2*b. Suppose 13*d = 8*d + t. What is the tens digit of d?
4
Suppose -4*f + 3*b + 1 = 0, -3*b + 23 = 3*f - f. Let i be (-19568)/(-72) - f/(-18). Suppose 8*h + 0*h - i = 0. What is the units digit of h?
4
Let c(t) = 66*t**2 - 427*t - 148. What is the units digit of c(-32)?
0
Let n = -25482 - -44966. What is the tens digit of n?
8
Let h = -2 + 4. Suppose -2*r = -h*v + 260, -5*v = -v + r - 515. Suppose 3*o = x - 55 + 3, -2*x = -o - v. What is the units digit of x?
7
Suppose -3*g - 3*n + 26 = n, -n = -2*g + 10. Let o be g/(-24)*-1*(-2 - 2). What is the hundreds digit of 2348/10 - o/5?
2
Let b be 1*(-25 - -2)/(6/12). Suppose 22*l = 19*l + 168. Let x = b + l. What is the units digit of x?
0
Let q(j) = -j**2 + 15*j - 31. Let d = 80 + -71. Let s be q(d). Suppose -y - 3344 = -s*y. What is the tens digit of y?
5
Let c(q) = q**2 + 5*q - 70. Let a be c(-24). Let f = a + 57. What is the hundreds digit of f?
4
Let t(g) = -2*g**3 + 3*g**2 - 9*g + 21. Let a = -599 - -591. What is the tens digit of t(a)?
0
Let g(z) = -45*z - 40. Let h(y) = 11*y + 10. Let i(v) = 2*g(v) + 9*h(v). Let d be i(0). Suppose d + 8 = q. What is the units digit of q?
8
Let n be (-6)/(-15)*-563*(-12 + 7). Let o = -292 + n. What is the hundreds digit of o?
8
Suppose 263*m - 684979 - 744882 = 818789. What is the units digit of m?
0
Suppose -10*c = 4*c - 2030. Let h = -43 + c. What is the hundreds digit of h?
1
Let x(j) = -18*j**3 + 14*j**2 + 82*j + 805. What is the ten thousands digit of x(-12)?
3
Let r = 72 + -77. Let j be (-2)/r + ((-736)/40)/(-4). Suppose 0*z + 165 = j*z + 4*b, -z + 33 = 2*b. What is the tens digit of z?
3
Let g = 214 + -208. What is the hundreds digit of 107/((2 - 7) + g)?
1
Suppose 6*g = m + 12*g - 6471, -2*m = -2*g - 13012. What is the tens digit of m?
0
Let r(f) = -12 - 6*f + 3 + 22*f**2 + 5 + 12. What is the units digit of r(-4)?
4
Let p(c) = 26*c**2 - 48*c + 139. What is the units digit of p(16)?
7
Suppose 4*o = u - 3679, 2*u + 2874 = -3*o + 10177. What is the hundreds digit of u?
6
Suppose 38*y + 28*y = -35*y + 713262. What is the hundreds digit of y?
0
Let v be 4*1/5 + 209/(-55). Let d be 26/(-1) - (8 + -5 + v). Let i(j) = -5*j - 37. Wha